alculate the remainder when 6210 is divided by 615.
60
What is the remainder when 312625 is divided by 241?
48
Calculate the remainder when 16822 is divided by 580.
2
Calculate the remainder when 45646 is divided by 40.
6
What is the remainder when 7556 is divided by 33?
32
Calculate the remainder when 93358 is divided by 46675.
8
Calculate the remainder when 313 is divided by 51.
7
What is the remainder when 5215 is divided by 192?
31
What is the remainder when 308 is divided by 148?
12
Calculate the remainder when 10790 is divided by 385.
10
Calculate the remainder when 479174 is divided by 360.
14
Calculate the remainder when 14000 is divided by 2024.
1856
What is the remainder when 19792 is divided by 292?
228
Calculate the remainder when 462419 is divided by 108.
71
What is the remainder when 471 is divided by 232?
7
What is the remainder when 424997 is divided by 136?
133
What is the remainder when 5774 is divided by 8?
6
Calculate the remainder when 6433496 is divided by 357.
356
Calculate the remainder when 1773735 is divided by 8.
7
Calculate the remainder when 3711 is divided by 1821.
69
What is the remainder when 519551 is divided by 14?
11
Calculate the remainder when 20726 is divided by 78.
56
Calculate the remainder when 10585 is divided by 1763.
7
Calculate the remainder when 243037 is divided by 48605.
12
What is the remainder when 509423 is divided by 77?
68
Calculate the remainder when 466209 is divided by 23.
22
What is the remainder when 64346 is divided by 109?
36
Calculate the remainder when 2978 is divided by 499.
483
Calculate the remainder when 77897 is divided by 530.
517
Calculate the remainder when 6044 is divided by 1212.
1196
Calculate the remainder when 16132 is divided by 4032.
4
Calculate the remainder when 39334 is divided by 339.
10
What is the remainder when 67378 is divided by 1272?
1234
What is the remainder when 203610 is divided by 73?
13
Calculate the remainder when 71874 is divided by 119.
117
Calculate the remainder when 1275532 is divided by 474.
472
What is the remainder when 22993 is divided by 141?
10
Calculate the remainder when 76697 is divided by 1482.
1115
Calculate the remainder when 20479 is divided by 10222.
35
Calculate the remainder when 1605 is divided by 216.
93
What is the remainder when 31365 is divided by 253?
246
What is the remainder when 8460 is divided by 76?
24
What is the remainder when 185557 is divided by 445?
437
Calculate the remainder when 68098 is divided by 31.
22
What is the remainder when 1896445 is divided by 2048?
2045
What is the remainder when 78292 is divided by 15614?
222
What is the remainder when 2820 is divided by 449?
126
What is the remainder when 32199 is divided by 2926?
13
What is the remainder when 2965566 is divided by 89?
86
Calculate the remainder when 9105 is divided by 2258.
73
What is the remainder when 272623 is divided by 33?
10
Calculate the remainder when 208617 is divided by 103.
42
Calculate the remainder when 20756 is divided by 717.
680
Calculate the remainder when 15538 is divided by 981.
823
What is the remainder when 22887 is divided by 11404?
79
Calculate the remainder when 41879 is divided by 133.
117
Calculate the remainder when 1898 is divided by 1016.
882
What is the remainder when 40753 is divided by 71?
70
Calculate the remainder when 27961 is divided by 76.
69
What is the remainder when 1742 is divided by 58?
2
What is the remainder when 7638 is divided by 40?
38
What is the remainder when 9309 is divided by 32?
29
Calculate the remainder when 1163 is divided by 187.
41
What is the remainder when 938 is divided by 562?
376
Calculate the remainder when 13754 is divided by 164.
142
What is the remainder when 10478 is divided by 2079?
83
What is the remainder when 40835 is divided by 25?
10
Calculate the remainder when 7322 is divided by 1802.
114
Calculate the remainder when 5258 is divided by 85.
73
Calculate the remainder when 63311 is divided by 12.
11
What is the remainder when 69368 is divided by 375?
368
What is the remainder when 581066 is divided by 368?
362
Calculate the remainder when 4454 is divided by 51.
17
What is the remainder when 64802 is divided by 473?
1
What is the remainder when 1030 is divided by 178?
140
What is the remainder when 122358 is divided by 19?
17
Calculate the remainder when 1722 is divided by 148.
94
What is the remainder when 49889 is divided by 1318?
1123
What is the remainder when 105497 is divided by 2573?
4
What is the remainder when 2853 is divided by 2828?
25
What is the remainder when 54215 is divided by 44?
7
Calculate the remainder when 16054 is divided by 412.
398
What is the remainder when 3744 is divided by 290?
264
Calculate the remainder when 341187 is divided by 45.
42
What is the remainder when 39023 is divided by 7752?
263
What is the remainder when 198 is divided by 101?
97
What is the remainder when 1143 is divided by 571?
1
What is the remainder when 292027 is divided by 97338?
13
Calculate the remainder when 11903 is divided by 2377.
18
Calculate the remainder when 206826 is divided by 496.
490
Calculate the remainder when 263064 is divided by 874.
864
Calculate the remainder when 156426 is divided by 22345.
11
What is the remainder when 20194 is divided by 5?
4
What is the remainder when 1437 is divided by 726?
711
What is the remainder when 15010 is divided by 859?
407
What is the remainder when 2541 is divided by 694?
459
Calculate the remainder when 1284 is divided by 625.
34
Calculate the remainder when 40760 is divided by 32.
24
Calculate the remainder when 151615 is divided by 109.
105
Calculate the remainder when 324495 is divided by 122.
97
Calculate the remainder when 368799 is divided by 14.
11
Calculate the remainder when 10566 is divided by 33.
6
Calculate the remainder when 43130 is divided by 43063.
67
Calculate the remainder when 34483 is divided by 615.
43
What is the remainder when 39771 is divided by 27?
0
Calculate the remainder when 14230 is divided by 1099.
1042
Calculate the remainder when 831 is divided by 796.
35
Calculate the remainder when 3137 is divided by 636.
593
Calculate the remainder when 150434 is divided by 199.
189
What is the remainder when 93664 is divided by 23416?
0
What is the remainder when 48339 is divided by 24161?
17
What is the remainder when 115433 is divided by 271?
258
What is the remainder when 16331 is divided by 160?
11
What is the remainder when 6909 is divided by 2194?
327
What is the remainder when 575961 is divided by 191985?
6
What is the remainder when 9901 is divided by 262?
207
What is the remainder when 335624 is divided by 19?
8
What is the remainder when 12144 is divided by 147?
90
Calculate the remainder when 6184 is divided by 3085.
14
Calculate the remainder when 82636 is divided by 295.
36
What is the remainder when 10223 is divided by 7?
3
What is the remainder when 1170 is divided by 1007?
163
Calculate the remainder when 6804 is divided by 3298.
208
What is the remainder when 126245 is divided by 43?
40
Calculate the remainder when 730747 is divided by 692.
687
What is the remainder when 1218 is divided by 289?
62
Calculate the remainder when 136990 is divided by 68491.
8
What is the remainder when 3547 is divided by 100?
47
What is the remainder when 39618 is divided by 11?
7
Calculate the remainder when 1650171 is divided by 1374.
1371
What is the remainder when 11540 is divided by 97?
94
What is the remainder when 9628 is divided by 4729?
170
Calculate the remainder when 23951 is divided by 74.
49
What is the remainder when 60788 is divided by 35?
28
What is the remainder when 20881 is divided by 1392?
1
Calculate the remainder when 111582 is divided by 55781.
20
Calculate the remainder when 10103 is divided by 47.
45
Calculate the remainder when 748 is divided by 124.
4
Calculate the remainder when 5976 is divided by 1489.
20
What is the remainder when 583911 is divided by 51?
12
Calculate the remainder when 1774 is divided by 879.
16
What is the remainder when 33588 is divided by 508?
60
Calculate the remainder when 631 is divided by 15.
1
Calculate the remainder when 13847 is divided by 14.
1
What is the remainder when 2831 is divided by 198?
59
What is the remainder when 433061 is divided by 2